70951 a composite number?
True
Is 39317165 a prime number?
False
Is 5541121 a composite number?
False
Is 3564971 prime?
True
Is 119141 prime?
False
Is 10589 composite?
False
Is 3399503 composite?
False
Is 417319663 a prime number?
True
Is 1582697 composite?
False
Is 23879329 a composite number?
True
Is 3350617 composite?
True
Is 2049217 a prime number?
False
Is 31259 a prime number?
True
Is 158863 a prime number?
True
Is 7919503 composite?
True
Is 3408011 a composite number?
True
Is 1294539 composite?
True
Is 9702041 a prime number?
True
Is 37324207 a composite number?
False
Is 19193 a prime number?
False
Is 2541127 a composite number?
False
Is 36599977 composite?
False
Is 21846287 a composite number?
True
Is 9590089 composite?
True
Is 649454359 prime?
False
Is 79666729 prime?
True
Is 190147 a composite number?
False
Is 7242917 a composite number?
True
Is 53731901 prime?
False
Is 384558641 a prime number?
False
Is 33635345 composite?
True
Is 21972581 composite?
True
Is 68396249 a composite number?
False
Is 1935961 prime?
True
Is 915247 a prime number?
True
Is 598588043 prime?
False
Is 309763 a composite number?
True
Is 2233571 a composite number?
False
Is 2854923 prime?
False
Is 3072431 prime?
True
Is 605496563 prime?
False
Is 38146781 prime?
True
Is 2946821 prime?
True
Is 85759039 a composite number?
False
Is 11068727 a prime number?
False
Is 148522651 composite?
False
Is 2622163 composite?
True
Is 21453205 a composite number?
True
Is 1693609 composite?
True
Is 903167597 a composite number?
False
Is 3407011 composite?
True
Is 8140961 prime?
True
Is 144779849 a composite number?
False
Is 118627907 prime?
False
Is 58327531 prime?
True
Is 95203 composite?
False
Is 3473381 composite?
True
Is 36767411 prime?
False
Is 23105213 a prime number?
True
Is 114239803 prime?
True
Is 42651397 a composite number?
False
Is 573340393 a composite number?
False
Is 6927497 a prime number?
True
Is 1421083 a composite number?
False
Is 547236341 composite?
True
Is 9642337 composite?
True
Is 220814809 composite?
False
Is 3466613 prime?
True
Is 7174007 composite?
False
Is 120919159 prime?
True
Is 20879299 a prime number?
False
Is 15119 a composite number?
True
Is 212773009 composite?
True
Is 22604019 a prime number?
False
Is 222510513 a composite number?
True
Is 17948531 composite?
True
Is 92661557 a composite number?
True
Is 20055781 a prime number?
True
Is 26865493 prime?
True
Is 52004333 a composite number?
True
Is 1375633 a composite number?
True
Is 55626302 a prime number?
False
Is 1333438109 composite?
False
Is 192985601 prime?
False
Is 2029337 composite?
True
Is 2819837 a composite number?
True
Is 2544473 a composite number?
True
Is 6178957 composite?
False
Is 28089289 a composite number?
True
Is 25058921 composite?
False
Is 488423407 a prime number?
True
Is 18283157 composite?
True
Is 45963311 prime?
True
Is 398325919 a composite number?
False
Is 102397 a prime number?
True
Is 12117691 prime?
False
Is 22478399 a prime number?
True
Is 46677989 a composite number?
False
Is 12493141 composite?
False
Is 271571 a prime number?
True
Is 9932263 composite?
True
Is 35590001 a prime number?
True
Is 73762706 prime?
False
Is 2148967 a prime number?
False
Is 18577703 prime?
True
Is 135585259 prime?
False
Is 34073983 a prime number?
False
Is 193457317 a composite number?
False
Is 3514199 a prime number?
False
Is 10426271 prime?
False
Is 4331489 prime?
True
Is 40285501 a prime number?
True
Is 12432671 prime?
False
Is 3278239 composite?
False
Is 132775285 composite?
True
Is 792353447 a prime number?
False
Is 52537763 a prime number?
False
Is 481415417 a prime number?
False
Is 1438447 a composite number?
False
Is 3526909 prime?
True
Is 428853671 a prime number?
True
Is 2904119 prime?
False
Is 67916239 composite?
False
Is 6758221 a composite number?
True
Is 536189 prime?
True
Is 8617846 prime?
False
Is 167034121 a composite number?
False
Is 8741051 a composite number?
True
Is 16410863 prime?
False
Is 14425039 composite?
False
Is 4737661 a prime number?
True
Is 14629253 a prime number?
False
Is 4687139 prime?
True
Is 46454307 a prime number?
False
Is 83593183 a prime number?
True
Is 8007619 prime?
False
Is 38152757 prime?
True
Is 14368771 composite?
True
Is 1166059 composite?
True
Is 289866607 composite?
True
Is 2252557 composite?
False
Is 10523683 composite?
False
Is 118970903 a prime number?
True
Is 3951203 a composite number?
True
Is 31784969 a composite number?
False
Is 5033531 composite?
False
Is 11291003 a prime number?
False
Is 280352741 composite?
True
Is 295131 a composite number?
True
Is 296830771 composite?
False
Is 10462319 a composite number?
True
Is 6899101 prime?
False
Is 3919001 a prime number?
False
Is 1457767 composite?
True
Is 17219357 composite?
False
Is 4653149 a prime number?
False
Is 2105777 composite?
True
Is 138879527 composite?
True
Is 4554611 composite?
False
Is 6880247 a composite number?
True
Is 146438063 composite?
True
Is 1780871 a prime number?
False
Is 130418227 prime?
False
Is 10237839 a prime number?
False
Is 148483 a prime number?
True
Is 477511 prime?
True
Is 26321887 a prime number?
True
Is 150949 a composite number?
True
Is 5463173 prime?
False
Is 843331 prime?
True
Is 3234511 a prime number?
False
Is 162152483 prime?
True
Is 91152235 composite?
True
Is 2160274 composite?
True
Is 10825259 a prime number?
True
Is 72847 composite?
True
Is 180647 a prime number?
True
Is 10164953 a composite number?
True
Is 4523377 a prime number?
False
Is 8027917 a composite number?
True
Is 122545667 prime?
True
Is 317983 a prime number?
True
Is 126859313 a composite number?
True
Is 21712141 a prime number?
False
Is 191919757 a composite number?
False
Is 118538951 a composite number?
False
Is 4902967 a prime number?
True
Is 201289327 a prime number?
True
Is 301477 a prime number?
False
Is 6581933 a composite number?
True
Is 2603819 composite?
False
Is 1088537 composite?
False
Is 382292461 prime?
True
Is 270963751 prime?
False
Is 212390881 prime?
False
Is 117591449 a prime number?
True
Is 3640409 a composite number?
False
Is 2091097 prime?
True
Is 1859009 a prime number?
True
Is 197311201 prime?
False
Is 1731479 prime?
True
Is 19371509 prime?
False
Is 323333 a prime number?
True
Is 328091 composite?
True
Is 268439 composite?
False
Is 107595149 a prime number?
False
Is 1427341 prime?
True
Is 207595459 prime?
True
Is 407751353 a composite number?
True
Is 46165802 a composite number?
True
Is 18988573 prime?
True
Is 10061438 composite?
True
Is 77838341 composite?
True
Is 7660397 a prime number?
True
Is 18312297 a composite number?
True
Is 15859267 prime?
True
Is 179777789 composite?
False
Is 21124093 prime?
False
Is 126669509 a prime number?
True
Is 25616489 a prime number?
True
Is 329503 composite?
False
Is 803953 a composite number?
True
Is 22790267 a composite number?
False
Is 920627 a prime number?
False
Is 21358969 a prime number?
False
Is 103595867 prime?
False
Is 14508805 a prime number?
False
Is 6469667 prime?
True
Is 22541731 prime?
False
Is 2334278 a composite number?
True
Is 2291677 prime?
True
Is 140617397 a prime number?
True
Is 56777437 composite?
False
Is 56039 a composite number?
False
Is 5901871 composite?
False
Is 1127495377 a composite number?
False
Is 131861 a prime number?
True
Is 238172677 a composite number?
False
Is 3896203 a prime number?
True
Is 51405989 a composite number?
True
Is 116167469 a composite number?
True
Is 1504763 a composite number?
True
Is 698735689 a composite number?
False
Is 216652585 a prime number?
False
Is 116257799 a prime number?
False
Is 18256153 prime?
True
Is 723469 composite?
True
Is 163578559 a composite number?
True
Is 428951 composite?
False
Is 5608727 a prime number?
True
Is 29417221 a prime number?
False
Is 7538591 a prime number?
True
Is 1249999 a prime number?
True
Is 834203359 a composite number?
True
Is 69942529 a prime number?
False
Is 3658463 composite?
False
Is 3062543 prime?
False
Is 46002023 a prime number?
False
Is 584897 a composite number?
False
Is 83132369 composite?
False
Is 7366811 a composite number?
True
Is 69217181 prime?
False
Is 683567 composite?
False
Is 21039077 a composite number?
True
Is 600694 a composite number?
True
Is 137882807 composite?
True
Is 1470107 prime?
False
Is 33487